{"id":172,"date":"2019-06-30T19:33:21","date_gmt":"2019-06-30T17:33:21","guid":{"rendered":"http:\/\/profesjonalnimediatorzy.pl\/?page_id=172"},"modified":"2019-11-09T18:08:07","modified_gmt":"2019-11-09T17:08:07","slug":"magdalena-jaworska-smietana","status":"publish","type":"page","link":"http:\/\/profesjonalnimediatorzy.pl\/index.php\/kim-jestesmy\/magdalena-jaworska-smietana\/","title":{"rendered":"Magdalena Jaworska-\u015amietana"},"content":{"rendered":"<p><img loading=\"lazy\" decoding=\"async\" class=\"alignnone size-full wp-image-1497\" src=\"http:\/\/profesjonalnimediatorzy.pl\/wp-content\/uploads\/2019\/11\/Magda.jpg\" alt=\"\" width=\"5120\" height=\"7680\" \/><\/p>\n<p>Sta\u0142y mediator s\u0105dowy wpisany na list\u0119 przez Prezes\u00f3w S\u0105d\u00f3w Okr\u0119gowych w Legnicy, Wroc\u0142awiu, Poznaniu, Zielonej G\u00f3rze oraz Warszawie.<\/p>\n<p>Posiada profesjonalne przygotowanie i wieloletnie do\u015bwiadczenie w prowadzeniu mediacji zgodne z wymogami Ministerstwa Sprawiedliwo\u015bci.<\/p>\n<p>Absolwentka Wydzia\u0142u Prawa i Administracji Uniwersytetu im. Adama Mickiewicza w Poznaniu-specjalizacja Prawo Gospodarcze; \u00a0Podyplomowych Studi\u00f3w &#8211; Prawo Karne Skarbowe i Prawo Gospodarcze &#8211; Uniwersytet Jagiello\u0144ski w Krakowie; Podyplomowych Studi\u00f3w &#8211; \u00a0Master of Business Mediation &#8211; Mediator \u2013 Uniwersytet Ekonomiczny we Wroc\u0142awiu; Podyplomowych Studi\u00f3w \u2013 Profesjonalny Mediator Gospodarczy &#8211; na Wydziale Prawa i Administracji Uniwersytetu im. Adama Mickiewicza w Poznaniu.<\/p>\n<p>Od ponad 15 lat pracownik sektora finans\u00f3w publicznych. Specjalizuje si\u0119 w mediacjach w sprawach gospodarczych oraz administracyjnych.<\/p>\n<p>Posiada spore do\u015bwiadczenie w sprawach cywilnych, rodzinnych i\u00a0prawa pracy.<\/p>\n<p>Mediator Krajowej Administracji Skarbowej wpisana przez Szefa KAS jako mediator do spraw zapobiegania zjawiskom niepo\u017c\u0105danym.<\/p>\n<p>Wsp\u00f3\u0142pracuje z CAM Wroc\u0142aw, CAM Zielona G\u00f3ra, Cz\u0142onek Krajowego\u00a0 Stowarzyszenia Mediator\u00f3w Sta\u0142ych w Warszawie, wsp\u00f3\u0142za\u0142o\u017cyciel i cz\u0142onek Stowarzyszenia Profesjonalnych Mediator\u00f3w Gospodarczych w Poznaniu, Mediator O\u015brodka Mediacji przy Regionalnej Izbie Przemys\u0142owo &#8211; Handlowej \u00a0w Lesznie, Mediator Krajowej Administracji Skarbowej.<\/p>\n<p><em>\u00a0<\/em><em>\u201ePrzy moim udziale w\u00a0szybki spos\u00f3b om\u00f3wisz \u00a0konflikt i wypracujesz spos\u00f3b na jego rozwi\u0105zanie. Zawarta ugoda da Ci szans\u0119 na satysfakcjonuj\u0105ce zako\u0144czenie sporu i wyj\u015bcie z trudno\u015bci finansowych. Zapewni poufno\u015b\u0107 i pozwoli na utrzymanie efektywno\u015bci biznesowej oraz dotychczasowej wsp\u00f3\u0142pracy\u201d<\/em><\/p>\n<p>Dzia\u0142a na terenie wojew\u00f3dztw dolno\u015bl\u0105skiego, wielkopolskiego, mazowieckiego oraz lubuskiego.<\/p>\n<p>Tel. 531\u00a0142\u00a0500<\/p>\n<p>e-mail: m.jaworska@wp.pl<\/p>\n","protected":false},"excerpt":{"rendered":"<p>Sta\u0142y mediator s\u0105dowy wpisany na list\u0119 przez Prezes\u00f3w S\u0105d\u00f3w Okr\u0119gowych w Legnicy, Wroc\u0142awiu, Poznaniu, Zielonej G\u00f3rze oraz Warszawie. Posiada profesjonalne przygotowanie i wieloletnie do\u015bwiadczenie w prowadzeniu mediacji zgodne z wymogami Ministerstwa Sprawiedliwo\u015bci. Absolwentka Wydzia\u0142u Prawa i Administracji Uniwersytetu im. Adama Mickiewicza w Poznaniu-specjalizacja Prawo Gospodarcze; \u00a0Podyplomowych Studi\u00f3w &#8211; Prawo Karne Skarbowe i Prawo Gospodarcze &#8211;<br \/><a class=\"btn btn-theme post-btn\" href=\"http:\/\/profesjonalnimediatorzy.pl\/index.php\/kim-jestesmy\/magdalena-jaworska-smietana\/\">Read More<\/a><\/p>\n","protected":false},"author":1,"featured_media":0,"parent":12,"menu_order":0,"comment_status":"closed","ping_status":"closed","template":"","meta":{"footnotes":""},"class_list":["post-172","page","type-page","status-publish","hentry"],"_links":{"self":[{"href":"http:\/\/profesjonalnimediatorzy.pl\/index.php\/wp-json\/wp\/v2\/pages\/172","targetHints":{"allow":["GET"]}}],"collection":[{"href":"http:\/\/profesjonalnimediatorzy.pl\/index.php\/wp-json\/wp\/v2\/pages"}],"about":[{"href":"http:\/\/profesjonalnimediatorzy.pl\/index.php\/wp-json\/wp\/v2\/types\/page"}],"author":[{"embeddable":true,"href":"http:\/\/profesjonalnimediatorzy.pl\/index.php\/wp-json\/wp\/v2\/users\/1"}],"replies":[{"embeddable":true,"href":"http:\/\/profesjonalnimediatorzy.pl\/index.php\/wp-json\/wp\/v2\/comments?post=172"}],"version-history":[{"count":3,"href":"http:\/\/profesjonalnimediatorzy.pl\/index.php\/wp-json\/wp\/v2\/pages\/172\/revisions"}],"predecessor-version":[{"id":1498,"href":"http:\/\/profesjonalnimediatorzy.pl\/index.php\/wp-json\/wp\/v2\/pages\/172\/revisions\/1498"}],"up":[{"embeddable":true,"href":"http:\/\/profesjonalnimediatorzy.pl\/index.php\/wp-json\/wp\/v2\/pages\/12"}],"wp:attachment":[{"href":"http:\/\/profesjonalnimediatorzy.pl\/index.php\/wp-json\/wp\/v2\/media?parent=172"}],"curies":[{"name":"wp","href":"https:\/\/api.w.org\/{rel}","templated":true}]}}

Magdalena Jaworska-Śmietana

<p><img loading="lazy" decoding="async" class="alignnone size-full wp-image-1497" src="http://profesjonalnimediatorzy.pl/wp-content/uploads/2019/11/Magda.jpg" alt="" width="5120" height="7680" /></p>
<p>Stały mediator sądowy wpisany na listę przez Prezesów Sądów Okręgowych w Legnicy, Wrocławiu, Poznaniu, Zielonej Górze oraz Warszawie.</p>
<p>Posiada profesjonalne przygotowanie i wieloletnie doświadczenie w prowadzeniu mediacji zgodne z wymogami Ministerstwa Sprawiedliwości.</p>
<p>Absolwentka Wydziału Prawa i Administracji Uniwersytetu im. Adama Mickiewicza w Poznaniu-specjalizacja Prawo Gospodarcze;  Podyplomowych Studiów &#8211; Prawo Karne Skarbowe i Prawo Gospodarcze &#8211; Uniwersytet Jagielloński w Krakowie; Podyplomowych Studiów &#8211;  Master of Business Mediation &#8211; Mediator – Uniwersytet Ekonomiczny we Wrocławiu; Podyplomowych Studiów – Profesjonalny Mediator Gospodarczy &#8211; na Wydziale Prawa i Administracji Uniwersytetu im. Adama Mickiewicza w Poznaniu.</p>
<p>Od ponad 15 lat pracownik sektora finansów publicznych. Specjalizuje się w mediacjach w sprawach gospodarczych oraz administracyjnych.</p>
<p>Posiada spore doświadczenie w sprawach cywilnych, rodzinnych i prawa pracy.</p>
<p>Mediator Krajowej Administracji Skarbowej wpisana przez Szefa KAS jako mediator do spraw zapobiegania zjawiskom niepożądanym.</p>
<p>Współpracuje z CAM Wrocław, CAM Zielona Góra, Członek Krajowego  Stowarzyszenia Mediatorów Stałych w Warszawie, współzałożyciel i członek Stowarzyszenia Profesjonalnych Mediatorów Gospodarczych w Poznaniu, Mediator Ośrodka Mediacji przy Regionalnej Izbie Przemysłowo &#8211; Handlowej  w Lesznie, Mediator Krajowej Administracji Skarbowej.</p>
<p><em> </em><em>„Przy moim udziale w szybki sposób omówisz  konflikt i wypracujesz sposób na jego rozwiązanie. Zawarta ugoda da Ci szansę na satysfakcjonujące zakończenie sporu i wyjście z trudności finansowych. Zapewni poufność i pozwoli na utrzymanie efektywności biznesowej oraz dotychczasowej współpracy”</em></p>
<p>Działa na terenie województw dolnośląskiego, wielkopolskiego, mazowieckiego oraz lubuskiego.</p>
<p>Tel. 531 142 500</p>
<p>e-mail: m.jaworska@wp.pl</p>

<p>Stały mediator sądowy wpisany na listę przez Prezesów Sądów Okręgowych w Legnicy, Wrocławiu, Poznaniu, Zielonej Górze oraz Warszawie. Posiada profesjonalne przygotowanie i wieloletnie doświadczenie w prowadzeniu mediacji zgodne z wymogami Ministerstwa Sprawiedliwości. Absolwentka Wydziału Prawa i Administracji Uniwersytetu im. Adama Mickiewicza w Poznaniu-specjalizacja Prawo Gospodarcze;  Podyplomowych Studiów &#8211; Prawo Karne Skarbowe i Prawo Gospodarcze &#8211;<br /><a class="btn btn-theme post-btn" href="http://profesjonalnimediatorzy.pl/index.php/kim-jestesmy/magdalena-jaworska-smietana/">Read More</a></p>
